 32. Let b be m(1). Suppose -5*y = 3*j - 343, 2*j - 46 - t = -b*y. What are the prime factors of j?
3, 37
Suppose 0 = -109*r + 40*r + 230736. What are the prime factors of r?
2, 11, 19
Suppose 6*p - 181 = -505. Let b = 56 + p. What are the prime factors of -3 + b + 175 + 1?
5, 7
Suppose -8773 = -3*z + g - 877, 3*z - 7896 = -g. Suppose 0*x - 8*x = -z. List the prime factors of x.
7, 47
What are the prime factors of (5 + -3)*2858 + 0/5?
2, 1429
Let j(t) = -t + 17. Suppose l - 39 + 25 = 0. Let b be j(l). What are the prime factors of 4/b*(-2070)/(-20)?
2, 3, 23
Let j(g) = 16*g**2 + 19*g + 38. Let a be j(-7). Let r = a + -37. List the prime factors of r.
2, 163
Suppose 156*h - 322*h = -4394020. List the prime factors of h.
2, 5, 2647
Let w be 106/(((-28)/(-42))/(8/(-6))). Let h = 771 + -427. Let y = h + w. What are the prime factors of y?
2, 3, 11
Let o(r) be the third derivative of 71*r**5/30 - 3*r**4/8 + 3*r**3/2 - 6*r**2 + 19*r. What are the prime factors of o(3)?
2, 3, 5, 7
Suppose -2*i - 8082 = -4*v - 34304, -3*i + 13*v = -39354. What are the prime factors of i?
5, 2621
Let w(j) = -26*j + 2. Let r = -40 + 44. Let g = -7 + r. What are the prime factors of w(g)?
2, 5
Suppose 2*p - 8 = -2*f, 0 = 5*p - 9*f + 8*f - 26. Let h = 8 - p. Let c(o) = 18*o - 4. What are the prime factors of c(h)?
2, 5
Suppose -6*k + 3*a = -2*k - 67, 3*k + a = 34. What are the prime factors of (-5)/2 - k/((-364)/24738)?
881
Suppose 0 = -34*n + 61*n - 11394. Suppose 428*v - 36 = n*v. List the prime factors of v.
2, 3
Suppose -51*d = -11*d - 240720. What are the prime factors of d?
2, 3, 17, 59
List the prime factors of 67*(-7 + (-75 + 1 + 6)*-1).
61, 67
Suppose -106 - 23 = -43*x. Suppose 3*u + 3*n - 1881 = 0, u - x*n - 615 = 2*n. What are the prime factors of u?
5
Suppose -77 - 7 = -3*v. Suppose -s = 4*m - 69 - v, -m = 4*s - 328. List the prime factors of s.
3
Suppose -5*w - 21*x + 23*x = -85285, 2*w - 5*x = 34135. What are the prime factors of w?
3, 5, 379
Let f = 4915 - -2665. List the prime factors of f.
2, 5, 379
Let w be (-36)/16 - 2/(-8). Let d(c) = -38*c**3 + 3*c**2 - 1. What are the prime factors of d(w)?
3, 5, 7
Suppose -12 - 29 = -h. Suppose -h*j = -34*j - 2968. List the prime factors of j.
2, 53
Let x = -7748 - -12455. What are the prime factors of x?
3, 523
Let m(h) be the second derivative of h**5/20 - 5*h**4/6 + 5*h**3/3 - 9*h**2/2 - 10*h + 27. Let c be 1 + (-18)/(1*-2). List the prime factors of m(c).
7, 13
Let k(b) = -24*b - 22*b + 1 + 56*b + b**3 + 6*b**2 + 2. What are the prime factors of k(6)?
3, 5, 11
What are the prime factors of -2 - -1 - -15380 - (1 - -17 - 17)?
2, 3, 11, 233
Suppose 0 = -44*k + 40*k + 2060. Suppose -k = -2*i + 251. What are the prime factors of i?
383
List the prime factors of -10 + 31971*(-4 + 42/9).
2, 2663
Let w(x) = 9*x + 18. Let k be w(-2). Suppose k = -r + 321 + 387. What are the prime factors of r?
2, 3, 59
Let w = 55067 + -35887. What are the prime factors of w?
2, 5, 7, 137
Let n(v) = -v**2 + 162 + 578*v**3 - 577*v**3 - 2*v + 298. Let g be n(0). Suppose -l - 5*p = -130, -l + g = 3*l + 5*p. List the prime factors of l.
2, 5, 11
Let u be 119/85 - 4/10. Let k(f) = 198*f. Let l be k(u). Suppose 10*j - 7*j = l. List the prime factors of j.
2, 3, 11
Suppose 0 = 469*k - 454*k - 94140. What are the prime factors of k?
2, 3, 523
Suppose -210882*h = -210891*h + 347832. List the prime factors of h.
2, 4831
Let w(m) = 234*m + 110. Let n be w(1). Suppose 0*a + 12 = 4*a. Suppose -a*x + 992 = 5*r + n, 0 = -r + 4*x + 125. List the prime factors of r.
3, 43
Let i = -5629 + 10044. List the prime factors of i.
5, 883
Suppose -25 = 5*s, -5*s - 3013 = -3*m - 6*s. Let l = m - -371. List the prime factors of l.
3, 17
Let i(a) = -23*a + 336. Let r be i(12). List the prime factors of r/(-90)*(-1428)/2.
2, 7, 17
Suppose 47*b + 45*b + 114*b - 919172 = 0. What are the prime factors of b?
2, 23, 97
Let j(n) = -144*n**2 - 2*n - 3. Suppose 0 = 7*k - 32 + 4. Let z(c) = -143*c**2 - 3*c - 4. Let v(y) = k*z(y) - 5*j(y). What are the prime factors of v(-1)?
149
Let o(z) = -z**3 + 6*z**2 + 13*z + 7. Suppose 12*a = 5*a + 224. Let i be (a/(-10) + 2)/((-3)/15). What are the prime factors of o(i)?
5, 17
Suppose -5*t + 3*n = -1513, t + 2*n - 286 = 27. What are the prime factors of t*100/30*6/25?
2, 61
Let w(o) = 12*o**3 - 9*o**2 - 81*o - 115. List the prime factors of w(18).
5, 13099
Let k = 3080 + -2035. Suppose 11*n - 4*o = 12*n - 235, 4*n - 5*o - k = 0. What are the prime factors of n?
3, 5, 17
Suppose -31*i + 232655 = 5*o - 26*i, -i = 6*o - 279151. What are the prime factors of o?
2, 3, 3877
Let f = 11950 - -7397. List the prime factors of f.
3, 6449
Suppose 0 = -2*z + 2 + 2. Let v(t) = -10 - z + 24*t + 1 - 4. List the prime factors of v(5).
3, 5, 7
Suppose -71*q = -45114 - 12751. What are the prime factors of q?
5, 163
Suppose -k - 56344 = -5*j, 7*j + 4*k + 28678 = 107538. List the prime factors of j.
2, 3, 313
Let w = -2986 + 3174. List the prime factors of w.
2, 47
Suppose 70*n - 44830 = 68*n + d, 0 = 5*n - 4*d - 112078. What are the prime factors of n?
2, 7, 1601
Suppose -4*q + 7228 = z + 38, 0 = -3*q + 3*z + 5385. List the prime factors of q.
3, 599
Let k = -1015 + 720. Let x = k - -422. Suppose 8*b - x = 33. List the prime factors of b.
2, 5
Let b be (-11 - 756/(-70))/(2/(-1070)). Let m = -123 + 66. Let x = b + m. What are the prime factors of x?
2, 5
Let c(h) = -h**3 - 7*h**2 + 11*h - 3. Let t be c(-8). Let m = -4 + 3. List the prime factors of (m - t)*(1 + 4).
2, 5, 13
Suppose m - 12 = -5*m. Suppose -6 = m*z + 10. Let j(s) = 3*s**2 + 11*s - 8. What are the prime factors of j(z)?
2, 3
List the prime factors of (-71)/(-852) + (-44351)/(-12).
2, 3, 7, 11
Let a = -22 - -29. Suppose 0 = -2*l - n + 5 + a, 5*l - 40 = -5*n. Suppose k - l = 2*s + 23, -5*k + 3*s = -107. List the prime factors of k.
19
Let v be 0 + 3 - (-1 + 1). Let y(g) = 4*g + 38. Let h be y(-14). List the prime factors of 1/v + (-156)/h.
3
Let q(c) = -5*c - 193. Let f be q(-39). Suppose -3*o + d + 1319 = 0, 4*o - f*d - 1137 - 621 = 0. What are the prime factors of o?
2, 5, 11
Suppose 10*r - 2*r = -10*r. What are the prime factors of (r - -399) + 1*-8?
17, 23
Let a = -5965 - -11496. List the prime factors of a.
5531
Let i(z) = -12*z + 93. Let g be i(4). Suppose -377 = -g*p + 16*p. What are the prime factors of p?
13
Let d(f) = 149 - 53 - 63*f - 45 - 46. List the prime factors of d(-7).
2, 223
Suppose -3*q = 2*y - 3*y, 4*y - 3*q = -9. Suppose 4*g = 0, -3*u + 7*u = -4*g + 12. What are the prime factors of (3 + -3 + u)/(y/(-20))?
2, 5
Let t(m) = m**3 - 3*m**2 - m + 21. Let g(j) = j + 4. Let i be g(-6). Let s be ((-49)/14)/(i/4) + -3. What are the prime factors of t(s)?
3, 11
Let g(k) = -133*k**3 - k**2 - k - 1. Let o be g(-1). Suppose 104*m - 2754 = 23*m + 4131. Let u = o - m. What are the prime factors of u?
47
Suppose -10*j - 14 = -4. Let p be 8 + -1 + 2/(j - 1). What are the prime factors of 106/p - (-2)/(-3)?
17
Let r be 0/(-1 - (-1 + 1)). Suppose r*c + c - 4*j = 241, 0 = 3*c - 2*j - 733. Let k = c - 4. List the prime factors of k.
241
Let r = 12 + 9. Suppose -20*b - 284 = -r*b. List the prime factors of b.
2, 71
Let n = 640 + -657. Let q = n + 41. What are the prime factors of q?
2, 3
Let h(k) = 2*k**2 + 97*k - 80. Let t(r) = -r**2 + 3*r + 1. Let w(c) = -h(c) - 4*t(c). List the prime factors of w(55).
131
Suppose 19*g = 33461 + 119888. What are the prime factors of g?
7, 1153
Suppose 2*b = 10 - 2, 0 = -2*f + 5*b - 8. Suppose 75 = f*u + 315. Let j = u + 72. What are the prime factors of j?
2
Let c be (1/(-3))/(-6 + (-95)/(-15)). What are the prime factors of ((-108)/(-81))/(c*6/(-5679))?
2, 631
Let c(f) = -2*f**2 - 11*f - 6. Let z be c(-5). Let w(x) = -27*x + 3. Let s be w(z). Let g = s + 100. What are the prime factors of g?
2, 5, 13
Let z be 462/((-3)/1) - 1. Let m = z - -360. What are the prime factors of m?
5, 41
Let n(x) = 11806*x - 16402. What are the prime factors of n(7)?
2, 3, 5, 23
Let a(x) = -2*x + 2. Let p be a(5). Let n(w) = -5 + w**3 - 7*w + 2*w + 7*w**2 + w - 7*w. List the prime factors of n(p).
19
Let c = 1058 + -1168. Let f(d) = -42*d. Let n be f(4). Let t = c - n. What are the prime factors of t?
2, 29
Let n(t) = -129*t + 3819. What are the prime factors of n(27)?
2, 3, 7